2781. What is the tens digit of n?
2
Suppose 0 = -2*x + 12 + 8. Suppose x - 40 = -2*r. Suppose -5 = 2*u - r. What is the units digit of u?
5
Let w(a) = -5*a**3 - 2*a**2 - 26*a - 30. What is the tens digit of w(-10)?
3
What is the ten thousands digit of 5*(-2)/20*-334*337?
5
Let d(m) = -m**3 + 4*m**2 + 17*m - 6. Let y be d(6). Suppose -25*n + y*n = -177. What is the tens digit of n?
7
Let i(c) = -4 + c**3 - 20*c - 5 + 0 + 31*c + 16*c**2. Suppose 0 = 2*t + t - a + 41, 0 = 5*t + 3*a + 87. What is the units digit of i(t)?
1
Suppose 3*a + 3*b = -3, 2*a + 5*b + 18 - 1 = 0. Suppose 3053*c - 3030*c + 204583 = 26793. What is the hundreds digit of c/(-50) + a/10?
1
Let n(h) = -581*h**3 + 5*h**2 - 3*h - 14. What is the hundreds digit of n(-2)?
6
Let k(j) be the first derivative of -5*j**2/2 - j - 12. Let x be k(-2). Suppose -x*g + 978 = -210. What is the hundreds digit of g?
1
Let m(w) = w**2 + 23*w - 124. Let t be m(-31). Suppose -117*c - 3808 = -t*c. What is the tens digit of c?
4
Let q(n) = n**2 - 12*n - 54. Let v be q(16). Suppose 4303 = 3*d + a, v*d = 6*d + 5*a + 5750. What is the hundreds digit of d?
4
Suppose -45 + 725 = 5*k + 5*s, 3*s = 5*k - 672. Let a be (-6)/(-4) - k/(-18) - 3. Let b(w) = w**3 - 3*w**2 - 8*w + 5. What is the tens digit of b(a)?
6
Let v(d) = 27*d - 10. Let i(g) = g**2 - 9*g + 9. Let t be i(6). Let n = t - -14. What is the hundreds digit of v(n)?
1
Let j = 95718 - 57156. What is the ten thousands digit of j?
3
Let o(n) = 1833*n**2 - 57*n + 68. Let w(f) = 1222*f**2 - 38*f + 45. Let j(z) = -5*o(z) + 8*w(z). What is the hundreds digit of j(1)?
6
Suppose 0 = -6*h - 2*h + 3*h. Let o be -3*(-4)/12*3. Suppose -2*p - 353 = -o*w, -3*p + 6*p - 15 = h. What is the units digit of w?
1
Suppose 2*u - 2 = 14. Let i be (-6)/(-4) + (-4)/u. What is the tens digit of 63 - ((-2)/1)/i?
6
Let f(n) be the third derivative of -n**5/30 - 13*n**4/24 + 10*n**3/3 - 15*n**2. What is the units digit of f(-7)?
3
Suppose 16*i + 8497 = 35537. Suppose 0 = -45*o + 46*o - i. Suppose -16*q + 4810 = o. What is the hundreds digit of q?
1
Let k = -609 - -309. What is the units digit of (k/(-45))/20*(-1 + 3628)?
9
Let t be (-3 + 14/6)/((-1)/1122). Suppose 0 = 3*f + 4*q - 405 - 161, -t = -4*f - 2*q. Let d = f + -98. What is the units digit of d?
8
Let c be 3*10/135 - (-1888)/(-72). Let m(h) = h**3 + 24*h**2 - 96*h - 47. What is the tens digit of m(c)?
9
Let s(m) = -m + 28. Let h be s(26). Let f(y) = 5*y + 6*y - 2*y + 2*y**2 + h*y - 9. What is the hundreds digit of f(-13)?
1
Let y = 199 - 91. Let m(a) = 37*a**2 - 25*a + 70. Let j be m(3). Let w = j - y. What is the hundreds digit of w?
2
What is the hundreds digit of (-3)/6*8*76989/(-44)?
9
Suppose 0 = 16*m - 0*m - 2368. Suppose -1 + m = 3*u. What is the tens digit of u?
4
Suppose 24*v + 59*v - 888681 = 0. What is the hundreds digit of v?
7
What is the thousands digit of 4 + (-13 - -15) - -13127?
3
Let r = 439 - 454. Let t(d) = -136*d - 278. What is the units digit of t(r)?
2
Suppose -3*o + 45 = -5*y + 14, -13 = -4*o + y. Let c(v) = v**3 + 3*v**2 - 5*v. Let b be c(-4). Suppose b*x = -o + 22. What is the units digit of x?
5
Let m(h) = -119*h**3 + 20*h**2 - 5*h - 1. Let t be m(-3). Suppose 15 = -3*b, -18*v + 5*b = -16*v - t. What is the units digit of v?
1
Suppose u - 14*v = -15*v + 1756, 8740 = 5*u - 3*v. Let x = u + -1121. What is the hundreds digit of x?
6
Suppose 0*c = 36*c + 22*c - 828820. What is the tens digit of c?
9
What is the units digit of (5090/(-6))/((152/(-228))/(1*2))?
5
Let y be (-2)/(-7) + (-6815)/(-35). Let i = y - -197. What is the units digit of i?
2
Suppose 102*k + 254*k + 1775862 - 18850334 = 0. What is the hundreds digit of k?
9
What is the units digit of (-84)/315*(-177890)/6 - (-16)/(-72)?
6
Let o = -47071 + 95903. What is the thousands digit of o?
8
Suppose -32*n + 39*n = 21. Suppose -n*x + 2404 = -5*l, x - 4*l - 808 = -l. What is the hundreds digit of x?
7
Let z(m) = 44*m**2 - 26*m + 32 + 42*m**2 + 53*m - 22*m. Let n be z(-4). Suppose 0 = -2*u + 2*y + 554, 5*u + 2*y - n = 4*y. What is the tens digit of u?
7
Let p(c) = -c**3 + 23*c**2 + 43*c - 21. Suppose -36*k = -0*k - 864. What is the units digit of p(k)?
5
Suppose -d + 0 - 19 = -5*c, 2*c + 5*d = 13. Suppose 28 = 3*y - 4*z, -4*z + z + 4 = c*y. What is the hundreds digit of (-1460)/(-10) + y + -1?
1
Suppose -11*w + 8*w = 5*q - 15055, -3*w + 9027 = 3*q. Suppose 33*d + 1006 = u + 30*d, 5*d + q = 3*u. What is the thousands digit of u?
1
Suppose -4*x - 79*y + 81*y - 10020 = 0, -4*x - 3*y - 10000 = 0. Let m = -1569 - x. What is the hundreds digit of m?
9
Let k = 16210 + -3598. What is the thousands digit of k?
2
Let h(z) = 57*z**2 + 13*z - 42. Let v = 411 + -407. What is the hundreds digit of h(v)?
9
Suppose -7*c + 14*c = 14. Let o(q) = -83*q - c + 0 + 1 + 4. What is the units digit of o(-1)?
6
Suppose 5*d = 3*q + 8*d - 12, 0 = -2*q + 5*d + 8. Suppose -q*m = 2*c - m - 1413, m = 4*c - 2847. What is the tens digit of c?
1
Let s be (-2 - (-1 + 1)) + 12. Suppose -2*g = -2*f + 10, 6*f - s = 3*f + 4*g. Suppose 14*q = f*q + 820. What is the hundreds digit of q?
2
What is the tens digit of 12/(-14) + (-37368)/(-84)?
4
Let m(c) = 128*c**3 - 2*c**2 + c + 1. Let a be m(2). Let v = a - 655. What is the hundreds digit of v?
3
Let h(c) be the first derivative of -131*c**2 - 110*c + 43. What is the tens digit of h(-6)?
6
Suppose -10 = 5*w, 35 = 4*y + 2*w + 147. Let i = y - -47. What is the tens digit of (i - 3/3) + -2?
1
Let g(v) = v**2 - 13*v - 3. Let d be g(11). What is the hundreds digit of (-2)/(-5) - (6015/d + 2)?
2
Suppose -487*o + 2928 = -491*o. Let b = o - -1111. What is the units digit of b?
9
Let k(s) = -s**2 + 2*s - 23*s - 16*s + 22 - 7*s. What is the hundreds digit of k(-18)?
4
Suppose 253*a = 190*a + 151200. What is the units digit of a?
0
Let r(x) be the first derivative of -x**6/360 + 13*x**5/60 - 7*x**4/3 + 8*x**3 + 13. Let c(l) be the third derivative of r(l). What is the tens digit of c(17)?
9
Let x(r) = -24*r + 0*r**2 - 7*r**2 + 24*r**2 + r**3 - 21. What is the tens digit of x(-18)?
8
Suppose v = 7*v - 2400. Suppose 3*z - 300 = -2*c - 61, -5*z - 5*c = -v. What is the units digit of z?
9
Suppose 0 = -k + 10 - 8. Suppose -4*x = -k*h + 1018, -5*h + 5*x + 2535 = -0*h. Suppose -5*y = -0*i + 4*i - 675, 4*y - h = -3*i. What is the hundreds digit of i?
1
Let d = -64 + 67. Let v be d/1 - 1*-805. Suppose -9*j + 1352 = -v. What is the hundreds digit of j?
2
Suppose 66 = -2*z - 68. Let c(j) = j**3 - 7*j**2 - 16*j - 12. Let s be c(10). Let g = z + s. What is the units digit of g?
1
Let m = 56375 - 2798. What is the hundreds digit of m?
5
Suppose -203*q + 2126875 = -473855 + 495417. What is the thousands digit of q?
0
Let j(a) = a**3 - 8*a**2 - 13*a + 1. Let o be j(9). Let m be 2 + (-9)/5 + 7/o. Suppose -u + 93 + 11 = m. What is the tens digit of u?
0
Let i be 2/((-8)/(-2222)) + 10/20. Suppose -7*t + i - 122 = 0. Suppose 3*n + t = 4*n. What is the units digit of n?
2
Suppose -257 = 12*p - 3005. Let a = p + -153. What is the units digit of a?
6
Suppose 0 = -4*n + 3*j + 17597, 2*n = 2*j + 7158 + 1638. What is the thousands digit of n?
4
Let z(j) = 3*j**2 - 203*j - 3098. What is the thousands digit of z(-101)?
8
Let q = -674 - -296. Let o = -165 - q. What is the hundreds digit of o?
2
Let m = -10794 - -15898. What is the thousands digit of m?
5
Let j(l) = -4*l**3 + 18*l - 815. What is the tens digit of j(-25)?
3
Let v = 23493 - -13498. What is the hundreds digit of v?
9
Suppose 0*y + 7 = 7*y. Let g be 3 - (-19)/(-5) - y/5. What is the units digit of 77 + 0/g + 0?
7
Let t(n) be the first derivative of -n**4/2 - 3*n**3 - 9*n**2/2 + n + 6. What is the tens digit of t(-5)?
7
Suppose 28 = n + 25. Suppose 3*f + 207 = n*r, -2*r + 6*f + 159 = 11*f. What is the units digit of r?
2
Let g = 8 - -2. Suppose -17*y + 28 = -g*y. Suppose -k + 375 = y*k. What is the units digit of k?
5
What is the tens digit of (-3 + -26)*-5*(10 + 11)*4?
8
Suppose 1593 + 197733 = 6*q. What is the hundreds digit of q?
2
Suppose 40*g = -48*g + 2008248. What is the tens digit of g?
2
Let z(l) = -23*l + 4. Let x be z(1). Let h = x + 23. Suppose -270 = -5*o + m, o - 9 = -h*m + 24. What is the tens digit of o?
5
Let r = 135 - 193. Let b = -142 - -255. Let s = b + r. What is the tens digit of s?
5
